r of 60 and f?
30
Suppose -30*f + 23528 = -0*f + 662*f. Let x(a) = a**3 + 374. Let w be x(0). Let q = w + -102. What is the highest common factor of q and f?
34
Let s = 38 - 119. Let p be s/(-11 - -2) + 1. Suppose -5*d - 5*u + 498 = -4*u, -4*d = -3*u - 406. What is the greatest common divisor of p and d?
10
Suppose 75*u + 78*u - 2448 = 0. What is the greatest common factor of u and 1176?
8
Let k be (-25)/(950/1273)*5/((-10)/216). What is the greatest common factor of 108 and k?
54
Suppose -3*c - 3*o + 10158 = 0, -60*c - 5*o = -56*c - 13546. Calculate the highest common divisor of 36 and c.
36
Let m be (-2)/(-6)*23511/85*(2 + 88). What is the greatest common factor of 18 and m?
18
Let p(o) = 2*o**2 - 11*o + 17. Let n be p(-6). What is the highest common divisor of n and 496?
31
Let c be (-882 + (1 - 3))*(-138)/69. Calculate the highest common factor of 104 and c.
104
Let q(z) = 2*z**3 + 142*z**2 + 15*z + 1255. Let y be q(-71). What is the greatest common divisor of y and 5605?
95
Suppose -4*c = -4*p - 536, 11*c - 14*c - 662 = 5*p. Let i = 141 + p. Calculate the greatest common divisor of 4 and i.
4
Let q = 494 + -490. Suppose -402 = -q*w + 2*i, -5*w - 58*i = -54*i - 483. What is the greatest common factor of w and 9?
9
Suppose 14 = x - n, 3*x + 25 = 4*n + 60. Let l = 20 - 8. Calculate the highest common divisor of x and l.
3
Suppose -6 + 390 = 2*f. Let o(u) = -15*u + 201. Let h be o(13). Calculate the greatest common divisor of f and h.
6
Suppose -3*s - 2*z + 4900 = 0, 0 = -3*s - 3*z + 2116 + 2777. Suppose 3*t - 4*t + 21 = 0. What is the greatest common divisor of t and s?
21
Let x = 632 - 638. Let i be 0 + (x - -50 - 6) + 1. Suppose -2*o = -7*j + 2*j + 250, -3*o - 193 = -4*j. What is the highest common factor of i and j?
13
Suppose 771 = 3*y + 2*t, 2*y + 21*t - 525 = 16*t. Let i be ((0 + 2)/((-6)/(-15)))/1. Calculate the highest common factor of y and i.
5
Let t be (-3)/(10512/(-3488) + 3). Calculate the greatest common factor of t and 8.
2
Suppose -158*h + 163*h + 97 = 3*d, 0 = 4*d + 3*h - 23. Suppose -4*p + p = -147. What is the highest common factor of d and p?
7
Let m = 5513 - 3299. Calculate the highest common factor of 164 and m.
82
Let t(k) = -k - 25. Let c be t(-24). Let q(v) = -71*v**3 + 2*v**2 - 1. Let o be q(c). Let f be 12/o - (-377)/6. Calculate the greatest common factor of f and 9.
9
Suppose 6*p - 4*p - 320 = 0. Suppose -4*o + 12*o - p = 0. Let f be (-12)/(6/2)*-2*o. Calculate the highest common divisor of 20 and f.
20
Suppose -3*j + 6*j + 126 = t, 2*t = 3*j + 255. Suppose -26*u + t = 17*u. What is the highest common divisor of 15 and u?
3
Let c be (-104)/(-10) - 4/10. Let s(w) = -w**3 + 20*w**2 - 42*w - 6. Let a be s(18). Let t = -104 - a. Calculate the highest common factor of c and t.
10
Let k be (-12)/(-4) - (-3308 - 53). What is the greatest common factor of k and 522?
58
Suppose 5*u = -3*w + 1137, -u - 2*u + 1911 = 5*w. Let q = w - 354. Calculate the greatest common factor of q and 66.
6
Let l(d) = 38*d + 46. Suppose 7 = 48*z - 137. Let i be l(z). What is the highest common divisor of i and 5?
5
Let k = -155 - -227. Suppose -178 = -8*d - 594. Let r = -4 - d. What is the highest common divisor of r and k?
24
Suppose 3*o - 47 = 4*l, o + 3*o - 68 = 4*l. Calculate the greatest common factor of 159 and o.
3
Suppose 19*r + 2*b - 128 = 15*r, 0 = r + 3*b - 32. What is the greatest common factor of 72 and r?
8
Let k(q) = q**2 + q. Let d be k(0). Suppose -3*b - b + 24 = d. Suppose -b*j - 2*j = -160. What is the greatest common divisor of 180 and j?
20
Suppose 14*b = 13*b + 4. Let z be b/(-22) + (-105)/(-33). What is the highest common divisor of 84 and z?
3
Let g = 834 - 499. Calculate the highest common factor of 15 and g.
5
Let c = 13164 - 10061. What is the highest common factor of 107 and c?
107
Suppose a + 10*f - 5*f = 78, 309 = 5*a - 2*f. Suppose 148*p - 158*p + 420 = 0. Calculate the highest common factor of a and p.
21
Let g(u) = 2*u**2 - 25*u - 13. Let c be g(13). Suppose 5*b + 2*m = -c*b + 508, 3*b - 304 = -2*m. What is the highest common divisor of b and 68?
34
Let k = -818 + 405. Let s = k + 425. Calculate the greatest common factor of s and 10.
2
Let n = 9338 - 7804. What is the greatest common factor of n and 78?
26
Suppose 5*v + 96 = 116. Suppose 7*c = -r + v*c + 21, -r + 16 = -2*c. Calculate the highest common divisor of 27 and r.
9
Suppose -1489 = 7*k + 751. Let j = k + 336. What is the highest common factor of j and 2?
2
Suppose 3*o + 158 = 2*o - 3*g, -2*o - g - 316 = 0. Let a = -156 - o. What is the highest common divisor of 3 and a?
1
Let s be (598/276)/((-2)/(-24)). Calculate the greatest common divisor of s and 8.
2
Let d be (-690)/(-276)*54/5. What is the greatest common factor of 819 and d?
9
Let y(o) = -o**3 + 11*o**2 - 2*o - 22. Let g be -7 - (-2 - 1) - -15. Let t be y(g). Let u = 46 + t. Calculate the highest common divisor of 22 and u.
2
Let w = 77 + -85. Let f = 136 - w. What is the greatest common divisor of f and 32?
16
Let g be 443 - ((-3)/(-2) - 3/6). Let k = g - -44. Suppose 10*o = o + k. What is the greatest common divisor of 27 and o?
27
Suppose 5*y - 4*h = 6132, 0 = -2*h + 1 - 7. Calculate the greatest common factor of y and 720.
72
Suppose 0 - 10 = -2*r. Suppose o = r*d + 98, -278 = -o - 2*o - d. Let n = o + -75. What is the greatest common divisor of 18 and n?
18
Suppose 11*i + 245 = 18*i. Let p be ((-1)/(-2))/((-5 + -1)/(-1260)). Calculate the highest common factor of i and p.
35
Let w = 69303 - 44432. Calculate the greatest common factor of 418 and w.
209
Suppose -4*m - 5550 = -c, 0*m - 5*m = 0. Calculate the highest common divisor of 30 and c.
30
Suppose 5*o - 1260 = -8*g + 3*g, -2748 = -11*g + o. What is the greatest common factor of 340 and g?
10
Let q(z) = -65*z**3 + z**2 + 50*z + 107. Let v be q(-2). Calculate the highest common divisor of v and 177.
177
Suppose 2*q + 189*z - 193*z = 32, 4*z + 60 = 4*q. What is the greatest common factor of q and 1141?
7
Let k(f) = -f**2 - 12*f + 4. Let n = -645 - -638. Let q be k(n). What is the highest common factor of 39 and q?
39
Let l = -2629 + 2629. Suppose -y - 608 = 3*y. Let g be (l + 0 + -1)/(19/y). What is the greatest common factor of g and 72?
8
Suppose 2*g = 2*z + 1 - 5, g = 4*z - 11. Suppose 3*k + g = 22. Let n be (8/3)/4*(48 + -6). What is the greatest common divisor of n and k?
7
Suppose 268 + 308 = w. Suppose -88*l + 72*l = -w. Calculate the highest common factor of l and 60.
12
Let w = 78 - -2459. What is the highest common divisor of w and 86?
43
Let m be (-6)/9 + 934/6 + -1. Let k = m + -222. Let g = -54 - k. What is the greatest common divisor of g and 154?
14
Let v(r) = 79*r**2 + 150*r + 120. Let b be v(-6). What is the highest common factor of 60 and b?
12
Let m = -2 + 19. Suppose 5*t + 4*f - 510 = 0, 204 = 5*t - 3*t + 2*f. What is the highest common divisor of t and m?
17
Let a = -58309 - -58441. Let t(h) be the second derivative of 11*h**3/6 + 2*h. Let u be t(4). Calculate the highest common factor of a and u.
44
Suppose f + 4 = 124 + 13. Let l(k) = k**3 - 8*k**2 - 4*k - 7. Let a be l(9). Calculate the highest common factor of f and a.
19
Suppose 3*f + 129 = 2*r, -f - 5*r = -4*f - 120. Let b = -7186 + 5752. Let s be b/f - (-1 + 52/60). What is the highest common divisor of 224 and s?
32
Let i = 138 - 108. Suppose -41 - 3 = -3*g + 4*j, i = 2*g - 2*j. Let d(p) = -6*p - 26. Let x be d(-7). Calculate the greatest common divisor of x and g.
16
Let v(s) = 6 - s - s + 4*s. Let r be v(13). What is the highest common factor of r and 12?
4
Let s(b) = -2*b + 43. Let j be 36/15*-10*2. Let g = 64 + j. Let a be s(g). What is the highest common factor of a and 77?
11
Let y be 4 + -1 - 2/(-2). Suppose y*x - 2*x - 252 = 0. Let v be (-1*3*-2)/(-5)*132020/(-1886). Calculate the highest common factor of x and v.
42
Suppose 150*y - 39093 = -99*y. Calculate the highest common divisor of 314 and y.
157
Let l = -18 - -22. Suppose 0*k - l*c + 1208 = 2*k, 3*c - 2985 = -5*k. Suppose 5*r + r - k = 0. Calculate the highest common divisor of r and 11.
11
Suppose 0*n = i + 5*n - 21, -3*n = 5*i - 83. Let v(d) = 275*d + 165. Let x be v(25). Suppose -66*h + 26*h = -x. What is the highest common divisor of i and h?
16
Let h = 5701 + -5693. What is the greates